6. Suppose 3*o - t = -2*o. Calculate the highest common factor of o and 1.
1
Let h(j) = j**3 - 4*j**2 + 2*j - 4. Let l be h(5). What is the greatest common divisor of 248 and l?
31
Let b = 29 - 18. Suppose 1 - 4 = 3*l, o - 83 = -5*l. What is the highest common divisor of o and b?
11
Let p = 302 + -192. Let v(d) = d + 5. Let r(k) = -k - 4. Let j(g) = 4*r(g) + 3*v(g). Let f be j(-12). Calculate the highest common divisor of f and p.
11
Suppose -76 = -4*r - 4*q, 5*r + 0*q - 85 = -3*q. Suppose v - 84 = -3*v. What is the greatest common factor of v and r?
7
Let r = -131 - -236. Let d be (3/5)/(1/25). Calculate the highest common divisor of r and d.
15
Let z be (-30)/6*144/(-5). Let r be (-64)/6*(-6)/4. Calculate the greatest common divisor of r and z.
16
Let p = 1 - -7. Let b = -1 - 0. Let x be b - -9 - (3 - 3). Calculate the highest common factor of p and x.
8
Let m = 30 - 17. What is the highest common factor of m and 52?
13
Let i be (-1)/(4 - 3)*4. Let r = i + 4. Suppose -2*m + 2 + 12 = r. Calculate the greatest common factor of m and 14.
7
Let f(x) = -20*x - 1. Let q be f(-5). Suppose -66 + 22 = -4*g. What is the greatest common factor of q and g?
11
Let j be 14/2*72/14. Calculate the highest common factor of 36 and j.
36
Suppose -5*k - 30 = -0*k. Let z be (105/9)/((-2)/k). Let h(a) = -a**2 + 11*a + 5. Let o be h(11). Calculate the greatest common factor of z and o.
5
Let p(h) be the third derivative of -h**6/120 - 3*h**5/20 - h**4/4 + 11*h**3/6 + 4*h**2. Let a be p(-9). What is the greatest common factor of 13 and a?
13
Suppose -6*s + 2*s = -36. Calculate the highest common divisor of s and 36.
9
Let x = 19 - 10. Calculate the greatest common factor of 27 and x.
9
Let q = 2 - 0. Let u be (115/(-5))/(q - 3). Calculate the highest common factor of 161 and u.
23
Let i = -32 + 66. Calculate the greatest common divisor of i and 68.
34
Suppose -4*o - 3*d + 80 = -268, -o + 88 = d. Calculate the highest common factor of 21 and o.
21
Let v = -9 + 0. Let l = 4 - v. Let b be 39/(-2)*(-8)/12. Calculate the highest common factor of b and l.
13
Let h = 124 - 78. Let y = 70 - h. What is the highest common factor of y and 3?
3
Let m be 6 - ((6 - 4) + 0 + 0). Let q(w) = -16*w. Let r be q(-2). Calculate the greatest common divisor of r and m.
4
Suppose 8 = -4*b + 24. Let r be -10*((-704)/10)/b. Calculate the highest common divisor of 22 and r.
22
Let x = 120 + -67. Let p = 59 + x. What is the highest common divisor of p and 16?
16
Suppose -4 = -2*j + 5*o, -2*j - 8 = -6*j - 3*o. Suppose -5*z + j*b = 3*b - 39, 2*z - 4*b + 2 = 0. Calculate the highest common factor of z and 63.
7
Let d = -45 - -101. Let x = 55 - 47. Calculate the highest common factor of x and d.
8
Suppose 0 = -9*f + 4*f + 135. Calculate the greatest common factor of 18 and f.
9
Let h = 111 - 62. What is the greatest common divisor of h and 7?
7
Let l = -17 - -20. Let f be 45*((-14)/6 + l). What is the greatest common factor of 20 and f?
10
Suppose 5*j - 59 + 14 = 0. Let r = -13 + 22. Let p be (5 + -4)/(3/r). Calculate the greatest common divisor of j and p.
3
Suppose -5*b - 4*j = -40, -3*b + j - 8 = -3*j. Let c be b/(-14) + 72/(-42). Let q be (-30)/(-4) + c/(-4). What is the highest common divisor of q and 8?
8
Let u(d) = 6*d**3. Let r be u(1). Let h(c) = -c**2 + 13*c + 8. Let a be h(r). Calculate the greatest common factor of 10 and a.
10
Let d(z) = 37*z - 19. Let h be d(2). What is the highest common divisor of h and 11?
11
Suppose -i - 1 = -2*i. What is the greatest common factor of 34 and i?
1
Suppose -3*b + h = -2, 0 = 4*b - h - 2*h - 6. Suppose -a - a + 32 = b. What is the greatest common divisor of 128 and a?
16
Let w be 71*(0 - -2) - 2. Calculate the highest common divisor of w and 20.
20
Let o(m) = -5*m - 10. Let l be o(-12). Suppose -4*c + 120 + 180 = 0. Calculate the greatest common factor of l and c.
25
Let b(z) = -21*z**3 + z**2 - z - 1. Let r be b(-2). Let j = r - 99. Let v = -50 + j. Calculate the highest common factor of 3 and v.
3
Suppose 0 = -2*k + 18 - 62. Let u be 4/k - (-72)/33. Suppose 5*f = h - u*h + 353, h = -4*f + 283. Calculate the highest common factor of f and 28.
14
Let h be -4 + 19/4*(-7 - -75). What is the highest common factor of h and 29?
29
Suppose -5*b = -28 - 7. Calculate the greatest common divisor of b and 49.
7
Let y = 8 + -2. Let a(o) = o**3 - 5*o**2 - o. Let d be a(y). What is the greatest common factor of 10 and d?
10
Let z be (-2)/((8/6)/(-2)). Suppose 3*p = -3*i - 6, z*i + p + 2 = 2*p. Let x(f) = -3*f + 1. Let d be x(i). Calculate the highest common divisor of d and 16.
4
Let u be 2 - 6 - (2 - 285). What is the greatest common divisor of 31 and u?
31
Let k = 33 - 31. What is the highest common divisor of 18 and k?
2
Let j(g) = -15*g + 4. Let y be j(5). Let v = 141 + y. What is the highest common factor of v and 28?
14
Let d = -163 + 189. What is the greatest common factor of d and 26?
26
Suppose -8*b = -b - 42. What is the highest common factor of 2 and b?
2
Suppose n + 2*k - 12 = -2*k, 4 = -n + 4*k. Suppose -5*r + n*r = 6. Let y be 0 + 189 - (r + 8). Calculate the greatest common factor of 17 and y.
17
Suppose 2*s = 2*w + 22, 0 = 4*w - 0*w - 20. Calculate the highest common divisor of 2 and s.
2
Suppose -3*f + 52 = 4. Let y = f - -11. Calculate the highest common factor of 9 and y.
9
Let t(h) = h**2 + 6*h + 6. Let n be t(-6). Let l = -12 + -10. Let w be (1 - -1) + l/(-1). What is the highest common factor of w and n?
6
Let g = -5 + 5. Suppose g = 4*r - 8 - 16. Calculate the greatest common divisor of r and 3.
3
Suppose 117 + 203 = 5*t. What is the highest common factor of 48 and t?
16
Let n(b) = -3*b**2 + 13*b - 8. Let v(r) = -13*r**2 + 53*r - 31. Let y(a) = 9*n(a) - 2*v(a). Let g be y(8). What is the highest common divisor of 7 and g?
7
Let o(d) = d**3 - 2*d**2. Suppose -2*a + 8 = -v, 0 = -7*a + 4*a - 2*v + 19. Let l be o(a). Calculate the highest common factor of 30 and l.
15
Suppose -140 = -0*u - 5*u. Calculate the greatest common factor of 252 and u.
28
Suppose -2*c = 3*b + 15, b + 3 = -0. Let i be ((2*15)/c)/(-2). Suppose 47 = 3*y - 5*x, -2*y + 4*y - i*x = 38. Calculate the greatest common divisor of 45 and y.
9
Let r = 138 + -33. Calculate the highest common divisor of r and 15.
15
Let o be (-12)/14 + 4/(-28). Let i be (0 - o) + 1 - -138. What is the highest common divisor of 28 and i?
28
Let x be 100/24 - 2/12. What is the highest common divisor of x and 20?
4
Let k = 62 + -56. What is the greatest common factor of k and 54?
6
Suppose 4*l = 10*l - 714. What is the highest common factor of l and 17?
17
Let m be (-4 + 5)*(29 - (-3)/(-3)). What is the highest common divisor of m and 28?
28
Suppose 35 = 7*r - 266. Calculate the highest common divisor of r and 344.
43
Let x(n) = 35*n - 25. Let m be x(7). Calculate the highest common factor of m and 20.
20
Suppose -15*a = -3189 + 849. Calculate the greatest common divisor of 39 and a.
39
Let b be ((-1)/2)/((-4)/(-856)). Let t = -59 - b. Let x = -26 - -38. What is the highest common factor of t and x?
12
Suppose -4*k - 12 + 36 = 0. Let y = k + 18. Let h = -6 + 12. What is the greatest common divisor of h and y?
6
Let k(j) = -j**3 + 10*j**2 - 10*j + 4. Let o be k(9). Let u be 70*(o/2)/(-5). Calculate the highest common factor of u and 7.
7
Suppose 129 = 5*w - 21. Suppose 242 - 262 = -i. Calculate the greatest common factor of w and i.
10
Let h be 4/(-5)*(425/2)/(-5). What is the greatest common divisor of h and 306?
34
Let s(v) = 2*v**3 + 17*v**2 - 2*v - 9. Let y be s(-7). Calculate the greatest common divisor of 38 and y.
38
Suppose -p = -2*p. Suppose b - 2*h = -4*b + 148, p = b - 2*h - 28. What is the highest common factor of b and 6?
6
Let i = -53 - -105. Let t be (-195)/(-45)*(23 + 1). Let f be (-3)/6*t/(-4). Calculate the highest common factor of f and i.
13
Suppose -5*t = -221 - 1039. What is the highest common divisor of t and 12?
12
Let t be (1 - 100)/(6/(-16)). Let x = 432 - t. What is the greatest common divisor of 21 and x?
21
Let o be (-390)/(-3) - (-4)/2. What is the highest common divisor of 12 and o?
12
Let l(p) = p**2 + 81. Let o be l(0). Suppose -15 + 3 = -i. Let w = i - 3. Calculate the greatest common divisor of o and w.
9
Let v(p) = 6*p - 3. Let w be v(2). Let j be w/(-3)*2/(-2)